
17
Let o = 41 - 13. Let k be (o/12)/((-1)/(-3)). Suppose 5*y + k - 22 = 0. What are the prime factors of y?
3
Let z(b) = b**2 - 11*b + 8. Let p be z(11). Let h = p + -5. List the prime factors of 32/(5 - 3) - h.
13
Let x = 321 + -211. List the prime factors of x.
2, 5, 11
Let c be (-1 - -8) + (-9)/3. Let x(h) be the second derivative of -h**4/12 + h**3 - h**2 - h. List the prime factors of x(c).
2, 3
Suppose b = 2*b - 2. Suppose b*s + 47 = 2*y + 119, -5*s + 195 = -2*y. What are the prime factors of s?
41
Let a(m) = -12*m. Let n be a(1). Let o be (-16)/n + 4/6. List the prime factors of o*(-5 - 1)*-1.
2, 3
Suppose -3*m = v - 11, -m + 9 - 40 = -4*v. Let h = -10 - v. Let a = h + 34. What are the prime factors of a?
2
Let z be (-2 - (-22)/5)*5. Let n be 16/z*(-1 + 28). Suppose -2*a = -b + 12, -5*b + 3*a + n = -2*b. List the prime factors of b.
2, 3
Let n = 114 - 53. What are the prime factors of n?
61
Suppose 3*c + 0*j - 93 = -3*j, -2*c = -3*j - 47. Suppose n - c = -9. What are the prime factors of n?
19
Suppose -9*a = -4*a. Suppose a = -y + 4 + 4. What are the prime factors of y?
2
Let r = 32 + -75. Let q = r - -16. Let l = -16 - q. List the prime factors of l.
11
Let s(p) = p**2 - 8*p - 9. Let d be s(9). Let n be (d - (-2)/4)*0. Suppose -2*f + 20 = -n*f. What are the prime factors of f?
2, 5
Let g = 8 - 15. Let f = g - -14. What are the prime factors of f?
7
Let a(f) = f + 17. Let g be a(-8). Let k(s) = s**3 - 8*s**2 - 9*s + 9. List the prime factors of k(g).
3
Let p = -5 + 7. Let b be (-1)/p*(-12)/(-6). List the prime factors of (-5)/(b - 2/(-4)).
2, 5
Let x(v) be the second derivative of -v**4/12 - 7*v**3/6 + 3*v**2/2 - 2*v. List the prime factors of x(-6).
3
Suppose 0 = 22*y - 18*y - 568. What are the prime factors of y?
2, 71
Suppose 4*u + 2*l = 31 - 3, -4*l = -5*u + 48. Suppose -5*v + 2*o = 138, -u = -3*o + o. Let g = -6 - v. What are the prime factors of g?
2, 5
Let b be (2/5)/((-7)/(-35)). Let x = 213 - 128. Suppose -3*v + x = b*v. List the prime factors of v.
17
Suppose -2*b - 32 = -90. Let f be 41/(-4)*(-5 + 1). Let q = f - b. List the prime factors of q.
2, 3
Let y(v) = 10*v - 12. List the prime factors of y(10).
2, 11
Suppose 4 = 3*u - u. Suppose -2*o + 48 = u*o. List the prime factors of o.
2, 3
Suppose 0*z = 5*z - 90. Let q = 37 - z. Suppose -4*c = 3*a - q, 2*c - 7 = -0*c + a. List the prime factors of c.
2
Let l(p) = p**2 - 2*p. Let w(d) = -d + 6. Let x be w(5). Let c = x + 3. List the prime factors of l(c).
2
Let i be (-2)/(-4)*-1*8. List the prime factors of 648/14 + i/14.
2, 23
Let v(l) = -l**2 - 13*l + 6. What are the prime factors of v(-7)?
2, 3
Suppose 5*r = 7 - 2, 2*k - 3*r = 1. Suppose 5*v = -10, k*c - 2*v = -v + 8. List the prime factors of c.
3
List the prime factors of 4/6*(-141)/(-2).
47
Let p = -16 - -7. Let i(u) = -u**2 - 11*u - 13. Let a be i(p). Suppose -68 = -a*w - 8. List the prime factors of w.
2, 3
Suppose 0 = -2*f + f - 14. Let m(g) = -g**2 - 16*g + 2. What are the prime factors of m(f)?
2, 3, 5
Suppose -5*z + 578 = -187. Suppose 4*y = -5*r + z, 3*r - 5*y - 3 - 74 = 0. What are the prime factors of r?
29
Let h = 164 - 96. What are the prime factors of h?
2, 17
Suppose -5*q - 20 = -2*n, -q + 0*q = -n + 4. Suppose n = f - 5*f + 2*w + 8, 5*f + 3*w - 21 = 0. List the prime factors of 56/6 - 1/f.
3
Suppose -4*w = 2*r - 696, 4*r - 5*w - 1360 - 71 = 0. What are the prime factors of r?
2, 3, 59
Let o = 101 + -43. List the prime factors of o.
2, 29
Let w = 82 + -115. Let d = w - -58. List the prime factors of d.
5
Suppose i = 2*d - 7, -d + 4*i + 4 = 3*i. Suppose d*w = 40 - 1. What are the prime factors of w?
13
Let x(i) be the second derivative of -i**3/6 + 17*i**2 - 3*i. What are the prime factors of x(0)?
2, 17
Suppose -2*v = v + 9. Let n = 0 - v. List the prime factors of n.
3
Let d(m) = -m**2 - 8*m - 2. Let v be 22/8 + (-12)/16. Suppose -3 = 5*u + 5*r + 2, -v*u - 5*r + 4 = 0. What are the prime factors of d(u)?
13
Let u(r) = r**2 - 3*r - 2. Let l be u(4). Suppose -l*x - 167 - 21 = -5*v, 4*v = -x + 140. Suppose -4*z = -z - v. List the prime factors of z.
2, 3
Let o be 3/(-1)*(0 - -1). Let u(f) = -f + 2. Let n be u(o). Let r(j) = -j**2 + 5*j + 4. What are the prime factors of r(n)?
2
Let k(c) = 5*c - 1. Let u be k(1). Suppose -2 = -2*i + u. Suppose i*o - 4*o + 3 = 0. What are the prime factors of o?
3
Let z(w) = -5*w + 4. Let d(k) = 6*k - 5. Let m(r) = 3*d(r) + 4*z(r). List the prime factors of m(-1).
3
Let m(k) = k**3 + 4*k**2 + 2*k - 2. Let h be m(-2). Suppose 12 + 12 = h*c. List the prime factors of c.
2, 3
Let i(v) = -2*v - 3. Suppose 14 = -5*l - 2*j - 4, 13 = -2*l + 5*j. List the prime factors of i(l).
5
Let a(n) be the first derivative of -n**4/4 + n**2/2 + 9*n - 3. Suppose 0 = -0*k - k. List the prime factors of a(k).
3
Let j(k) = k**3 - 28*k**2 - 57*k + 21. What are the prime factors of j(30)?
3, 37
What are the prime factors of -3 + (-17)/(0 - 1)?
2, 7
Suppose -3*b + 39 = -2*b. What are the prime factors of b?
3, 13
Let t be (3 - 44)*(-1 + 0). Let k = 2 - 2. Suppose -5*p + t + 4 = k. List the prime factors of p.
3
Let c = 4 - 3. Suppose -2*d + x = -8, -2*d + c = 2*x - 1. List the prime factors of d.
3
Suppose -2*p + 90 = -4*a, a - 211 = -5*p - 3*a. What are the prime factors of p?
43
Suppose -4*h = -0*h - 8. Suppose h*d - 16 = -0*d. Suppose -5*r = -4*r - d. List the prime factors of r.
2
Suppose -t + 2*t = 2. Suppose -t*h = h + 81. What are the prime factors of ((-24)/10)/(h/90)?
2
Let l = 4 + -9. Let m = -5 - -2. Let a = m - l. What are the prime factors of a?
2
Let s be 6/(-2) - -1*1. Let v be (s - -9) + -1 - 1. What are the prime factors of (1/1)/(1/v)?
5
What are the prime factors of (-28)/6*(-105)/10?
7
Let g(c) = -6*c - 3. Let h = 5 + -8. What are the prime factors of g(h)?
3, 5
List the prime factors of 3924/42 - (-3)/(-7).
3, 31
Let n = -1 + -1. Let c = -3 - n. Let q = c + 4. List the prime factors of q.
3
Suppose 0*h - h - k = -4, h - 2*k = 10. What are the prime factors of h?
2, 3
Let x(o) be the first derivative of -o**4/4 + 4*o**3/3 + o**2 - 2*o - 12. Suppose -7 + 1 = 3*s. What are the prime factors of x(s)?
2, 3
Let i(g) = -g**2 + 11*g - 8. What are the prime factors of i(8)?
2
Let z(n) = 2*n**3 + n**2 + n - 1. Let y be z(1). Let r(l) = -4*l + 7. Let m be r(-3). Suppose -m - 14 = -y*w. List the prime factors of w.
11
Let t(z) = -z**2 - 12*z + 8. Let u(h) = -2*h**2 - 24*h + 15. Let a(d) = -7*t(d) + 3*u(d). List the prime factors of a(-13).
2
Let r be (33 - 2) + -2 + 0. Let y be ((-1)/(-2))/((-2)/12). List the prime factors of r/3 - (-2)/y.
3
Let y be (-1)/(-4) - (-1362)/24. List the prime factors of 2 + y/(12/4).
3, 7
Suppose -2 = -2*n + 4*f, -2*f = n - 6*f - 3. Let d be (0 + 1)*(-3)/n. Suppose d*q - 2*j - 14 = 0, 2*q - 3*j = 10 + 1. What are the prime factors of q?
2
Suppose -z + 25 + 8 = 0. Suppose 4*f - 5*y + 81 = 0, -y = 2*f - 3*y + 40. Let g = z + f. List the prime factors of g.
2, 7
Let v be 195/6 - 2/(-4). Suppose -5*x = 4*y + 61, -5*x + y - v = -2*y. List the prime factors of 2/x + 415/45.
3
Let y be 1*(2 + -3)*3. Let j = y - -5. Suppose j*w - 3 = 13. List the prime factors of w.
2
Suppose 0 = -t + 3, 0 = -2*o + 5*t - t + 202. What are the prime factors of o?
107
Suppose -6*g = -10*g - 132. Let v(t) = -47*t**2 + 1. Let u be v(1). Let m = g - u. What are the prime factors of m?
13
Let t = -9 + 0. Let a be t/(-2 + -1) - 1. Suppose -4*p + a*j = -12, 0 = 2*p + 3*p + 2*j - 6. List the prime factors of p.
2
Let y = 4 + 6. Let m be 1/2*y - 1. List the prime factors of ((-32)/(-24))/(m/6).
2
Let j(o) = -3*o - 3. Let a be j(4). Let u = -5 - a. List the prime factors of u.
2, 5
Suppose 5*w - w + 60 = 0. Let b be w/25*1*-5. What are the prime factors of ((-8)/6)/((-2)/b)?
2
Let d(n) = -n**3 + 6*n**2 + n + 3. Suppose a - 3*o - 7 + 2 = 0, -5*a = -3*o - 25. Let b be d(a). Suppose -b - 15 = -4*u. What are the prime factors of u?
2, 3
Suppose 0 = -3*x + 5*g + 26, -3*g + g = 3*x + 2. Let y be 12/2 + x + -4. Suppose 0*d = y*l + 2*d - 46, -41 = -4*l + 3*d. List the prime factors of l.
11
Let w(j) = -j**3 + 7*j**2 - 3. List the prime factors of w(6).
3, 11
Let d(w) = -w**2 - w + 15. Let x(q) = -q**3 + 2*q**2 + 4*q - 3. Let u be x(3). What are the prime factors of d(u)?
3, 5
Let n(s) = 43*s**2 + 2*s - 1.